2*x + 42. Let s be y(21). Let o(b) = b**3 + b**2 - 4*b + 8. Let m be o(s). Determine n(m).
2
Let t = 14 - 2. Let z be ((-15)/(-20))/(3/t). Suppose -30 = 4*l - p - 1, -z*p - 9 = 4*l. Let b(x) = -x - 4. Calculate b(l).
2
Let t(z) be the second derivative of -z**4/12 - z**3/2 + 3*z**2 - 156*z. What is t(3)?
-12
Suppose -3*y = 2*k, -4*k - 3*y + 2*y = 0. Let b(j) = -7*j - 13*j - 21 + 21*j. Calculate b(k).
-21
Let m(a) = a**2 - 6*a - 27. Let n be 354/(-295)*50/(-4) + -5. What is m(n)?
13
Let j be (11/(-5) - -1)/(2/5). Suppose -3 = -d, 5*l + 2*d - 22 = -2*d. Let q(n) = -3 - 4*n**l + 3*n**2 + 0*n - 5*n. Calculate q(j).
3
Let s(v) = v**3 + 4*v**2 - 5*v + 6. Let u be s(-5). Let y(q) be the third derivative of 1/60*q**5 + 0*q + 0 - 1/2*q**3 + 2*q**2 - 1/4*q**4. Determine y(u).
-3
Let i be 2/(1/6*(-48)/36). Let m(c) = -c**2 - 10*c + 3. Give m(i).
12
Let c(w) = w**2 - 8*w. Let t be 42/77 + (-213)/(-66)*2. Calculate c(t).
-7
Let i(o) = -4*o - 3. Let q be 4 + -3 - 0 - 27. Let c = q + 24. Let n be i(c). Let d(g) = g - 5. What is d(n)?
0
Let z be 3*(1 - 2) - 3. Suppose 1 = p + 2*h, -3*h - 3 + 0 = 0. Let t(r) = -3*r - r**2 + 0*r - p*r. What is t(z)?
0
Let p = -22 - -24. Let f(l) = 4*l + 2 - 4 + l - 2*l**p - 2. Calculate f(3).
-7
Let i(q) = -2*q**2 - 2*q + 8. Suppose 0 = 123*n - 85*n - 152. Determine i(n).
-32
Let p(d) = 2*d**2 + 16*d + 7. Let k(h) = -3*h**2 - 24*h - 11. Let i(z) = -5*k(z) - 8*p(z). Suppose 23*a + 289 = 82. What is i(a)?
-10
Suppose 4*d + 15 = 19. Let l be 10/55 + 4/(-22). Let a(m) = m - m**2 + l*m**2 - 7*m**3 + 6 - 6. Calculate a(d).
-7
Let j(p) = -p**3 - 17*p**2 - 17*p - 10. Let l be -48*(-11 - 272/(-24)). Give j(l).
6
Suppose 21 = 4*n + 52*p - 51*p, 9 = 2*n - p. Let s(l) = l**3 - 7*l**2 + 5*l - 1. What is s(n)?
-26
Let c(u) = -2*u + 617 - 10*u**2 + 3*u**2 - 620. Calculate c(-2).
-27
Let u be 6*((-25)/(-10) - 2). Let a(c) = -u*c - 4 - 3 + 0*c. Let y be (-8 - -7)*(-1 - -7). What is a(y)?
11
Suppose -2*v = -0*v. Suppose v = -3*w + 13 + 5. Let l(u) = 3*u - 5. Determine l(w).
13
Suppose 5*c - 6 = -2*q, 2*c + 5*q + 4 = -c. Suppose -c*k - 3 = -9. Suppose -p = 2*w + 2*p, -k*w - 4*p = 0. Let j(o) = o + 10. What is j(w)?
10
Let q(z) be the first derivative of z**4/4 + z**3 - 3*z**2 - 4*z + 55. Let o(n) = n**3 - 5*n**2 - n + 1. Let w be o(5). Calculate q(w).
4
Let m(w) = w**3 + 4*w**2 - 4*w + 6. Let u be m(-5). Let y(j) = -6 + u - 7*j - j**2 + 0*j**2. Let d(n) = -6*n**2 + n - 1. Let l be d(1). What is y(l)?
1
Let u = 0 + -8. Let y(t) = t + 5. Let z be y(u). Let s(d) = d**2 + d - 2. Determine s(z).
4
Let b(y) = 2*y**3 + 2*y**2 + 1 - 6*y + 11*y**3 - 8*y**2 - 14*y**3. Determine b(-2).
-3
Suppose -2*g = -33 + 47. Let s(a) = 3*a**3 + 5*a**2 + 3*a - 3. Let p(v) = -5*v**3 - 9*v**2 - 5*v + 6. Let c(d) = g*s(d) - 4*p(d). Calculate c(0).
-3
Let r(j) = -3*j + 6*j - 4 + 0. Let l be ((-1)/(-2))/(43/(-258)). Calculate r(l).
-13
Let i(w) = -w**2 - 14*w + 4. Let q(t) = -10*t + 3. Let p(o) = -3*i(o) + 4*q(o). Calculate p(-1).
1
Let c(y) = -21*y - 2. Let n be c(-1). Let d(h) = -2*h + h**2 - 12 - n + 30. Let z(q) = -q**2 + 4*q. Let j be z(3). Determine d(j).
2
Let n be 4/(-8)*(-56)/21. Let s(b) be the second derivative of -3*b + 0 + n*b**3 - 1/2*b**2. Calculate s(1).
7
Let n(m) = -3*m - 1 + 0*m + 2*m - 13. What is n(-7)?
-7
Let c(f) = -f**3 + f**2 + f + 3. Let r be (-6)/(-4)*(1 + -3). Let g(p) be the second derivative of -p**3/6 - 5*p. Let h be g(r). Calculate c(h).
-12
Let q(c) = 11*c**3 - 25*c**2 - 13*c + 4. Let v(z) = 5*z**3 - 12*z**2 - 6*z + 2. Let i(b) = -6*q(b) + 13*v(b). Determine i(-6).
2
Let r(l) = 11*l + 4. Let q(p) = -31*p - 12. Let k(w) = 6*q(w) + 17*r(w). Determine k(-7).
-11
Let k(g) = g**3 + 3*g**2 + 3*g + 3. Let v(n) = -3*n**2 - 7*n - 2. Let r be v(-2). Suppose 4*l + 13 = 5*f, l + 5*f + 1 = -2*l. Let b = l + r. Give k(b).
1
Let k(g) = -g**3 - g**2 + g. Let c(d) = -6*d**3 - 9*d**2 + 10*d - 3. Let l(n) = -n**2 + 3*n + 1. Let r be l(3). Let p(m) = r*c(m) - 5*k(m). Determine p(-5).
-3
Suppose -4*b = 2*q - 8, 2*b + 2 = -3*q + 14. Let u(k) = k**2 + 27. Give u(b).
27
Let h be (4/(-12))/((-2)/36). Suppose -8*t + h = -5*t. Let i(a) = -5 + 0*a**2 + 0*a**t + a**2 + a + 2*a. Determine i(-4).
-1
Let a(k) = -k**3 - 2*k**2 - k + 2. Let u(x) = x**3 + x**2 - 1. Let r(z) = 2*a(z) + 3*u(z). Determine r(1).
-1
Let k(p) = -p**3 - 7*p**2 + 3. Let s = -116 + 92. Let l be (-51)/7 - s/84. Give k(l).
3
Let y(v) be the second derivative of -v**3/6 + 3*v**2 - 219*v. Let d be (36/(-3))/(-4) + 2. Determine y(d).
1
Let b = -27 - -27. Suppose 9 + 4 = -2*s - 5*n, b = 3*s + 3*n + 15. Let f(d) = -2*d**2 - 5*d + 3. Give f(s).
-9
Let o(m) be the first derivative of -3*m**2 - 2*m - 28. Determine o(5).
-32
Let y(p) = p**3 - p**2 - p + 3. Let q(n) = -n**3 - 4*n**2 - 3*n - 9. Let o(m) = -q(m) - 2*y(m). What is o(7)?
-11
Let h = 2146 - 2150. Let i(y) = y**3 + 5*y**2 + y - 9. Give i(h).
3
Let y(i) = i**3 - 9*i**2 + 6*i + 16. Let n be y(8). Suppose 5*j + 4*a + 9 = -n, 0 = 2*j + 3*a + 5. Let o(k) = 2*k + 1. Determine o(j).
-1
Let s(q) be the third derivative of q**6/360 - q**5/20 + q**4/8 + q**3 + 14*q**2. Let v(t) be the first derivative of s(t). Determine v(2).
-5
Let p(g) = 3*g**2 - 2*g + 5. Let c(u) = 1. Let n(r) = -4*c(r) + p(r). Determine n(-2).
17
Let b(g) = -10*g. Let y = 273 + -275. Give b(y).
20
Let p(h) = -h**3 + 8*h**2 + 3*h - 1. Let f(o) = 6*o + 20. Let l be f(-2). What is p(l)?
23
Let m(f) = 6*f - 12. Let i = -161 - -164. Determine m(i).
6
Let x(u) be the first derivative of -u - 1/3*u**3 - 23 - 7/2*u**2. Give x(-6).
5
Let r(d) be the third derivative of -5/24*d**4 + 0*d + 1/6*d**3 + 0 + 11*d**2. Calculate r(-1).
6
Let r(h) = 7*h**2 - 2*h - 1. Suppose -5*k + 21 = 26. Give r(k).
8
Let m(j) = -j**2 + 3*j + 4. Let d be m(5). Let q(u) = -u - u + u + 1 - 3*u + 5*u. Calculate q(d).
-5
Let u(v) = 2*v**3 + 21*v**2 - 3*v + 16. Let i(f) = -f**3 - 11*f**2 + 2*f - 8. Let m(b) = -5*i(b) - 3*u(b). Determine m(-8).
0
Let x(j) = -2*j**3 - 12*j**2 - 5*j + 24. Let n be x(-5). Let u(l) be the first derivative of 3*l**2 + 1. Determine u(n).
-6
Suppose 375*w - 295*w = 80. Let y(a) = 14*a**3 - 9*a**2 + 5*a + 2. Let b(v) = -4*v**2 + 3 + 7*v**3 + 3 - 5 + 2*v. Let m(n) = -5*b(n) + 2*y(n). Determine m(w).
-6
Let v(o) be the first derivative of -3*o**2/2 - o + 1. Let x be 36/(-8)*-2*6/27. Give v(x).
-7
Let b be -2*1/7*-7. Let s(c) = 5 + b*c - 7*c - c**2 + 2*c**2 - 3. Calculate s(2).
-4
Suppose 2*f + 14 = 28. Let g(t) be the first derivative of -t**2/2 + 8*t + 5. Determine g(f).
1
Let s be (-8)/28*154/4. Let t(l) = -2*l - 25. Determine t(s).
-3
Let m(j) = -j**2 + j. Let z = 10 - 10. Let l = 3 + z. Suppose -5*f + l*f = 0. Give m(f).
0
Suppose -5*h - 499 = -49. Let p be (-504)/h + (-2)/(-5). Let u(j) = j**2 - 7*j + 9. Calculate u(p).
3
Let t(z) = z**3 - 7*z**2 + 5*z. Suppose -5 = l + 2*u, 4*u + 40 = 3*l - u. Calculate t(l).
-25
Suppose 29 = 9*c + 83. Let t(x) = -x**2 - 6*x + 1. Calculate t(c).
1
Let q(w) = -5*w**3 + w + 1. Suppose 0 = b - 8 - 2. Let i(m) = 5*m + 1. Let f be i(2). Suppose f*j + 1 = b*j. Calculate q(j).
5
Let x(g) = -23*g + 23. Let h(c) = -8*c + 8. Let u(m) = m + 16. Let b be u(-10). Let w(s) = b*x(s) - 17*h(s). Let j(p) = -2*p + 13. Let k be j(5). Give w(k).
-4
Let q = 175 + -122. Let b = q + -50. Let k(r) = -4*r**2 + 2*r**2 + 6*r + r**2. What is k(b)?
9
Let y(f) be the third derivative of -f**6/120 + f**4/24 + 17*f**3/6 + 59*f**2 - 2. Give y(0).
17
Let t(z) = -z + 2. Let k be t(-2). Suppose k*j = -4*g + 8, 0*j - 4*g + 14 = j. Let p be 2 + j/((-6)/9). Let f(w) = w**2 - 6*w + 5. Determine f(p).
0
Let k(v) = 13*v - 6*v + 23*v. Calculate k(1).
30
Let o(w) = 2*w - 4. Let x(n) = -25*n + 5. Let v(r) = o(r) + x(r). Calculate v(-1).
24
Let v be (-3)/(-4) + 6/24. Let t(s) be the first derivative of 7 + 1/2*s**2 - s - 2*s**3. Give t(v).
-6
Let s be (2 - (-5)/(-3))*(3 + 3). Let a(i) = 6*i**2 + 2 + i - 5*i**s - 6*i. Calculate a(3).
-4
Let o(l) = 70 - 3*l**3 - 140 + 92 - 16*l + 16*l**2 + 2*l**3 + 2*l**3. Give o(-17).
5
Let m(c) = -7*c + 2. Let b(r) = r. Let v(k) = 5*b(k) + m(k). Suppose -3 + 11 = 4*j. What is v(j)?
-2
Let u(c) = -c**3 - 8*c**2 - 6*c + 14. Let a be u(-7). Suppose -a*z + 4*z + 3 = 0. Let d(q) = -9*q**3 + 2*q**2 - 1. Give d(z).
-8
Let q(i) = 10*i - 5 + 5*i - 5*i - 4*i. Determine q(1).
1
Let v(u